{"id":2,"date":"2016-05-10T03:48:21","date_gmt":"2016-05-10T03:48:21","guid":{"rendered":"http:\/\/konrad-kraft.eu\/?page_id=2"},"modified":"2026-04-14T11:37:19","modified_gmt":"2026-04-14T11:37:19","slug":"sample-page","status":"publish","type":"page","link":"https:\/\/konrad-kraft.eu\/?page_id=2","title":{"rendered":"News"},"content":{"rendered":"<h2>2026<\/h2>\n<p><strong>Hauch Records <em>Partonage V<\/em><\/strong>\u00a0 Vinyl compilation out in April 2026<br \/>&#8211; <span class=\"x193iq5w xeuugli x13faqbe x1vvkbs x1xmvt09 x1lliihq x1s928wv xhkezso x1gmr53x x1cpjm7i x1fgarty x1943h6x xudqn12 x3x7a5m x6prxxf xvq8zen xo1l8bm xzsf02u x1yc453h\" dir=\"auto\"> Marly L\u00fcske &#8211; Ash In France (<strong>Konrad Kraft Schizoid Remix<\/strong>)\u00a0 \u00a0 <br \/><\/span><a href=\"https:\/\/www.facebook.com\/people\/hauch_records\/100080358862423\/\">https:\/\/www.facebook.com\/people\/hauch_records\/100080358862423\/<\/a><br \/><br \/><strong>18.04.2026<\/strong>, 15 Wochen Golzheim, Ohrwurm \/ Ted Green<br \/>&#8211; <strong>Nacht der K\u00fcnste<\/strong>, 18. 04. 2026 7 pm \u2013 2 am ft. KONRAD KRAFT \u2013 Electronic sounds<br \/><strong>13. 03 2026<\/strong>, 8 pm, Butoh performance by Wolfgang Sch\u00e4fer with sound by Konrad Kraft<\/p>\n<h2>2023<\/h2>\n<p><strong>29.07.2023 &#8211; 20.08.23<\/strong> Galerie Plan D. Showing the interactive audiosculpture.<br \/><strong>31.05.2023<\/strong> Salon des Amateurs, D\u00fcsseldorf live<br \/><strong>April 2023<\/strong>, Konrad Kraft &#8222;Nifbin Circle&#8220; is out on aufabwegen \/ Cologne &#8211; aatp090 \/ limited vinyl edition of 200 black and 100 cloured copies.\u00a0<\/p>\n<h2>2022<\/h2>\n<p><strong>03.07.2022<\/strong> Salon des Amateurs, D\u00fcsseldorf live<br \/><strong>24.06.2022<\/strong> Bibabuze, D\u00fcsseldorf live<br \/><strong>10.03.202<\/strong>2 A\/B Bruxelles live<br \/><strong>02.02.2022<\/strong> New release on TAL Music: <br \/>Konrad Kraft &#8211; Accident In Heaven Vinyl<br \/><a href=\"http:\/\/www.talmusic.com\/?p=1152\">http:\/\/www.talmusic.com\/?p=1152<\/a><\/p>\n<h2>2021<\/h2>\n<p><strong>Konrad Kraft OBTAAL<\/strong>. 2x 12&#8243; Vinyl with handmade art-cover. <br \/>Limited edition of 250 copies<\/p>\n<p><strong>14.08.2021<\/strong> BiBaBuZe<\/p>\n<p><strong>11.06.2021<\/strong> <a href=\"https:\/\/weltkunstzimmer.de\/ghost3-butoh-performance-parcours-2\/\" target=\"_blank\" rel=\"noopener noreferrer\"><strong>Ghost 3. Butho Soundart Festival at Weltkunstzimmer Duessledorf Ger<\/strong>.\u00a0<\/a><\/p>\n<p>https:\/\/weltkunstzimmer.de\/ghost3-butoh-performance-parcours-2\/<\/p>\n<h3>2020<\/h3>\n<p>19.12.2020 Transfer &#8211; Drei D\u00fcsseldorfer LPs \/ Lieblingsplatte\u00a0\u00a0\u00a0\u00a0\u00a0\u00a0\u00a0\u00a0\u00a0\u00a0\u00a0\u00a0\u00a0\u00a0\u00a0\u00a0 Zakk D\u00fcsseldorf. ! Livestrem: Link https:\/\/bit.ly\/36N5beY<\/p>\n<p>02. + 03. 06. 2020 Fermata Ex ( Miu ) Filmwerkstatt D\u00fcsseldorf <span style=\"color: #ff0000;\">&#8211; cancelled<\/span><\/p>\n<p>23. 05.2020 <a href=\"https:\/\/weltkunstzimmer.de\/details\/article\/\/performance-2.html\" target=\"_blank\" rel=\"noopener noreferrer\"><strong>Ghost 3. Butho Soundart Festival at Weltkunstzimmer Duessledorf Ger<\/strong>. <span style=\"color: #ff0000;\">&#8211; cancelled<\/span><\/a><\/p>\n<p>17.04.2020<a href=\"https:\/\/lama-musik.de\/\" target=\"_blank\" rel=\"noopener noreferrer\"><strong> 10 Years of LAMA-Music<\/strong><\/a>\u00a0 Konrad Kraft _ interpretations from the last Vinyl-release OVAL with modular Synthesizer at <strong>BiBaBuZe, Duesseldorf Ger. <\/strong><span style=\"color: #ff0000;\">&#8211; cancelled<\/span><\/p>\n<p>02.04.2020 <strong><a href=\"https:\/\/www.abconcerts.be\/en\/agenda\/events\/cancelled-triple-bill-konrad-kraft-miki-yui-mapstation\/21700\/\" target=\"_blank\" rel=\"noopener noreferrer\">Triple Bill<\/a>:<\/strong> Konrad Kraft, Miki Yui, Mapstation live at AB-Brussels\/Salon &#8211; <span style=\"color: #ff0000;\">cancelled<\/span><\/p>\n<h3 class=\"western\"><strong><u>2019<\/u><\/strong><\/h3>\n<p>November 30, Konrad Kraft &#8222;OVAL&#8220; is out on aufabwegen \/ Cologne &#8211; aatp061 \/ limited edition of 300 copies in 180g-green vinyl<\/p>\n<p>November 30, Konrad Kraft live with John Scott at <strong>Fragments\/Gallery Gr\u00f6lle, Wuppertal-Ger.<\/strong><\/p>\n<p>October 13, Angermann\/Kraft Duo (former known as Elektrofr\u00fchst\u00fcck) at <strong>Weltkunstzimmer\/Micropopweek, Duesseldorf Ger<\/strong>.<\/p>\n<p><a href=\"http:\/\/www.meakusma-festival.be\/\" target=\"_blank\" rel=\"noopener noreferrer\">September 6 to 8,\u00a0 <strong>Meakusma Festival &#8211; Eupen \/ Belgium<\/strong><\/a><\/p>\n<p>25. \/ 26. 06.2019 <strong>Malkasten Duesseldorf<\/strong>. Miu &#8211; &#8222;TAG H Ex&#8220;, Performance\u00a0 \/ Installation<\/p>\n<p><a href=\"http:\/\/www.aufabwegen.de\/events\/?p=1278\" target=\"_blank\" rel=\"noopener noreferrer\">24.05.2019 <strong>Ger\u00e4uschwelten-Festival M\u00fcnster \/ Blackbox<\/strong><\/a><\/p>\n<p><a href=\"https:\/\/www.stadtgarten.de\/programm\/neues-fleisch-w-alexis-letan-konrad-kraft-live-1452\" target=\"_blank\" rel=\"noopener noreferrer\">22.02.2019 Konrad Kraft live at <strong>Stadtgarten Cologne \/ Studio672<\/strong> &#8220;\u00a0\u00a0\u00a0\u00a0\u00a0\u00a0\u00a0\u00a0\u00a0\u00a0\u00a0\u00a0\u00a0\u00a0\u00a0\u00a0\u00a0\u00a0\u00a0\u00a0\u00a0\u00a0 &#8220;\u00a0 Neues Fleisch &#8222;<\/a><\/p>\n<h3 class=\"western\"><strong><u>2018<\/u><\/strong><\/h3>\n<p>15.12.2018 Live at Worm \/ Rotterdam<\/p>\n<p>05.12.2018 Arctica release concert at<br \/>Image Movement, Oranienburger Str. 18,\u00a0 10178 Berlin<\/p>\n<p>29.11 &#8211; 30.11.2018 Weltmusikzimmer Duesseldorf<br \/>Miu &#8211; Empty Ballons Society Ex.<\/p>\n<p>22.09.2018 &#8211; Releaseconcert Konrad Kraft -ARCTICA ( TAL Music ) at<br \/>Yoda, Streesemannstr. 28, 40210 Duesseldorf<\/p>\n<p>05.07.2018 &#8211; Kraft-Langebach Duo, live at<br \/>Wallfahrtsdom Neviges, Elberfelder Str. 12, 42553 Velbert<\/p>\n<p>16.06.2018 &#8211; Kraft-Langenbach Duo, live at<br \/>HBK Essen, Prinz-Friedrich-Stra\u00dfe 28A, 45257 Essen<\/p>\n<p class=\"western\">May\u00a0 &#8211; d-fundation.com website is not longer available!<\/p>\n<p>March &#8211; Elektrofr\u00fchst\u00fcck &#8222;Algorithm\u201c first release on <a href=\"http:\/\/paraschall.net\/\" target=\"_blank\" rel=\"noopener noreferrer\">Paraschall<br \/><\/a><a href=\"http:\/\/www.kai-angermann.eu\/www.kai-angermann.eu\/Home.html\" target=\"_blank\" rel=\"noopener noreferrer\">Kai Angermann<\/a> and Konrad Kraft<\/p>\n<h3 class=\"western\"><strong><u>2017<\/u><\/strong><\/h3>\n<p class=\"western\">12.12.2017 &#8211; Konrad Kraft\u00a0 performing live at<br \/>Filmwerkstatt Duesseldorf\/ Germany together with Oyuki Conjugate<br \/>DJ&#8217;s: Toulouse Lowtrax and Zipo ( <a href=\"http:\/\/www.aufabwegen.de\/label\/\/\" target=\"_blank\" rel=\"noopener noreferrer\">aufabwegen<\/a> )<\/p>\n<p class=\"western\">31.10.2017 Detlef Funder performing as Konrad Kraft a short live-set with modular synthesizer, live at<br \/>Galerie Splettstoesser,<br \/>41564 Kaarst &#8211; Germany<\/p>\n<p class=\"western\">IEM podcast by Dmitry Vasilyev ( Monochrome Vision )<br \/><a href=\"https:\/\/www.mixcloud.com\/iem_podcast\/iem-248-konrad-kraft\/\" target=\"_blank\" rel=\"noopener noreferrer\">iem-248-konrad-kraft<\/a><\/p>\n<p class=\"western\">Feb &#8211; 2017Konrad Kraft &#8222;F&#8220; and Frigorex &#8222;The Beginning&#8220;<br \/>( Dino Oon&amp;Konrad Kraft ) on Bureau B compilation<br \/>&#8222;Sammlung &#8211; Elektronische Kassettenmusik Duesseldorf 1982-1989&#8220;<br \/>Vinyl 12&#8243;, CD, MC<\/p>\n<h3 class=\"western\"><strong><u>2016<\/u><\/strong><\/h3>\n<p class=\"western\">03.11.2016 Konrad Kraft performing live at<br \/>digitale-festival Duesseldorf<br \/><a href=\"http:\/\/die-digitale.net\/konrad-kraft\/\/\/\" target=\"_blank\" rel=\"noopener noreferrer\">die-digitale<\/a><\/p>\n<p class=\"western\">Konrad Kraft &#8220; QUADRAT &#8220; ( 12&#8243; Vinyl ) is out now<br \/>on <a href=\"http:\/\/www.aufabwegen.de\/label\/\/\" target=\"_blank\" rel=\"noopener noreferrer\">aufabwegen<\/a>\/Cologne. aatp051<\/p>\n<p class=\"western\">21.09.2016 Elektrofr\u00fchst\u00fcck live at<br \/>SALON DES AMATEURS,<br \/>Duesseldorf<\/p>\n<p class=\"western\">June-2016, New track on <a href=\"http:\/\/www.aufabwegen.de\/label\/\/\" target=\"_blank\" rel=\"noopener noreferrer\">aufabwegen<\/a> compilation:<br \/>aatp50<br \/>NOW \u2014 Various: aufabwegen50. ausgew\u00e4hlte ger\u00e4usche 2xCD<br \/>2to mark the label\u2019s 20th anniversary aufabwegen has released a double CD compilation giving a personal view on the state of affairs in german noise music. the collection features 20 unreleased or rare tracks by AALFANG MIT PFERDEKOPF, ARS MORIENDI, MARC BEHRENS, FRANK BRETSCHNEIDER, GREGORY B\u00dcTTNER, COLUMN ONE, CORE, CRANIOCLAST, EVAPORI, FETISCH PARK, LIMPE FUCHS, CHRISTOPH HEEMANN, HITHLAHABUTH, KALLABRIS, THOMAS K\u00d6NER, KONTAKTA, KONRAD KRAFT, licht-ung, MAEROR TRI, M\u00d8HR, N(33), RLW, SCHACHTANLAGE GEGENORT, DAS SYNTHETISCHE MISCHGEWEBE, ASMUS TIETCHENS, DIE T\u00d6DLICHE DORIS, WERKBUND, ACHIM WOLLSCHEID, XYRAMAT. Plus 82pp booklet in german and english featuring liner notes and essays on the subject. The CD is released in the \u201cedition elektronik\u201d series of Deutscher Musikrat.<\/p>\n<p class=\"western\">21.04.2016 Elektrofr\u00fchst\u00fcck<br \/>&#8211; Konrad Kraft &amp; Kai Angermann- live at<br \/>Brause Vereinsheim, Bilker Allee 233 Duesseldorf \/ Germany<\/p>\n<p class=\"western\">New album &#8220; QUADRAT &#8220; is comming in<br \/>2016 on <a href=\"http:\/\/www.aufabwegen.de\/label\/\/\" target=\"_blank\" rel=\"noopener noreferrer\">aufabwegen<\/a> &#8211; Cologne<\/p>\n<h3 class=\"western\"><strong><u>2015<\/u><\/strong><\/h3>\n<p class=\"western\">Soundcloud<a href=\"http:\/\/www.soundcloud.com\/konrad-kraft\">\u00a0follow@Konrad Kraft<\/a><\/p>\n<h3 class=\"western\"><u>2014<\/u><\/h3>\n<p class=\"western\">new feature from Emmanuel Mir on <a href=\"http:\/\/www.perisphere.de\/video\/eine-videoarbeit-von-konrad-kraft\/\/\" target=\"_blank\" rel=\"noopener noreferrer\">perishphere b<\/a><a href=\"http:\/\/www.perisphere.de\/video\/eine-videoarbeit-von-konrad-kraft\/\/\">l<\/a><a href=\"http:\/\/www.perisphere.de\/video\/eine-videoarbeit-von-konrad-kraft\/\/\">og<\/a><\/p>\n<h3 class=\"western\"><u>2013<\/u><\/h3>\n<p class=\"western\">July 2013<br \/>&#8222;The Media At The Moment Of Its Disappearance&#8220;<br \/>watch video on <a href=\"http:\/\/www.youtube.com\/watch?v=AJWdNLc6RJ4\/\/\" target=\"_blank\" rel=\"noopener noreferrer\">you<\/a><a href=\"http:\/\/www.youtube.com\/watch?v=AJWdNLc6RJ4\/\/\">tube<\/a><\/p>\n<h3 class=\"western\"><u>2012<\/u><\/h3>\n<p class=\"western\">16.11.2012<br \/>During an exhibition opening at conniebluem.galerie &#8211; Essen\/Germany<\/p>\n<p class=\"western\">14.09.2012<br \/>During an exhibition opening at TAW-Wuppertal<\/p>\n<p class=\"western\">07. 07.2012<br \/>Wort- und Klangkunstfestival at<br \/><a href=\"http:\/\/wortundklangkunstfestival.blogspot.de\/\" target=\"_blank\" rel=\"noopener noreferrer\">BBK Kunstforum<\/a><br \/>Audiosculptures live<\/p>\n<h3 class=\"western\"><u>2011<\/u><\/h3>\n<p class=\"western\">New CD release on &#8222;aufabwegen&#8220; &#8211; Cologne, aatp33<br \/><a href=\"http:\/\/www.aufabwegen.de\/label\/\/\" target=\"_blank\" rel=\"noopener noreferrer\">aufabwegen<\/a><br \/>Konrad Kraft &#8211; Temporary Audiosculptures and Artefacts<\/p>\n<p><strong>CD &#8211; info<\/strong><br \/>Trying to set musical events in a sculptural form, the D\u00fcsseldorf\/Wuppertal based artist and musician Detlef Funder (a.k.a. Konrad Kraft), develops the temporary audio-sculpture. Knowing that a tonal event can never take the materiality of a real sculpture, Konrad Kraft attempts this special transformation with the help of various elements. Human imaginativeness, time, as well as the tonal event itself are the elements for the listener to form an individual audio-sculpture and to let it develop in their heads. The audio-sculpture with its acoustic body, around which various tonal\/sound elements and events float, appears with a physical structure, a dimensionality. Tonal\/sound elements are of various origins. In part elicited from nature, or being conjured up synthetically, or just being put together randomly, all elements are enhanced and altered sometimes significantly to the point that the character has changed completely and can hardly be identified. The term \u2018artefact\u2019 relates to the fact that sound fragments, through the synthetic alteration, are broken-up and only exist and appear as particles. They flow as \u2018artefacts\u2019 in the tonal range.<\/p>\n<h3 class=\"western\"><u>Live 2011<\/u><\/h3>\n<p>13.11.2011 Stadtgarten K\u00f6ln &#8211; Studio 672<br \/>Konrad Kraft, Nocturnal Emissions (UK) and Mohammad (Greece)<\/p>\n<p>09.10.2011 &#8211; 19:00 Uhr (Audioskulpturen) FKT-Bochum (Masala)<\/p>\n<p>09.07.2011:Geraeuschwelten #60:<br \/>If, Bwana, Konrad Kraft, Ahnst Anders live at cuba-cultur\/blackbox, Muenster<\/p>\n\n\n<p><\/p>\n","protected":false},"excerpt":{"rendered":"<p>2026 Hauch Records Partonage V\u00a0 Vinyl compilation out in April 2026&#8211; Marly L\u00fcske &#8211; Ash In France (Konrad Kraft Schizoid Remix)\u00a0 \u00a0 https:\/\/www.facebook.com\/people\/hauch_records\/100080358862423\/ 18.04.2026, 15 Wochen Golzheim, Ohrwurm \/ Ted Green&#8211; Nacht der K\u00fcnste, 18. 04. 2026 7 pm \u2013 2 am ft. KONRAD KRAFT \u2013 Electronic sounds13. 03 2026, 8 pm, Butoh performance by &hellip; <a href=\"https:\/\/konrad-kraft.eu\/?page_id=2\" class=\"more-link\"><span class=\"screen-reader-text\">News<\/span> weiterlesen<\/a><\/p>\n","protected":false},"author":1,"featured_media":0,"parent":0,"menu_order":0,"comment_status":"closed","ping_status":"open","template":"","meta":{"footnotes":""},"class_list":["post-2","page","type-page","status-publish","hentry"],"_links":{"self":[{"href":"https:\/\/konrad-kraft.eu\/index.php?rest_route=\/wp\/v2\/pages\/2","targetHints":{"allow":["GET"]}}],"collection":[{"href":"https:\/\/konrad-kraft.eu\/index.php?rest_route=\/wp\/v2\/pages"}],"about":[{"href":"https:\/\/konrad-kraft.eu\/index.php?rest_route=\/wp\/v2\/types\/page"}],"author":[{"embeddable":true,"href":"https:\/\/konrad-kraft.eu\/index.php?rest_route=\/wp\/v2\/users\/1"}],"replies":[{"embeddable":true,"href":"https:\/\/konrad-kraft.eu\/index.php?rest_route=%2Fwp%2Fv2%2Fcomments&post=2"}],"version-history":[{"count":34,"href":"https:\/\/konrad-kraft.eu\/index.php?rest_route=\/wp\/v2\/pages\/2\/revisions"}],"predecessor-version":[{"id":182,"href":"https:\/\/konrad-kraft.eu\/index.php?rest_route=\/wp\/v2\/pages\/2\/revisions\/182"}],"wp:attachment":[{"href":"https:\/\/konrad-kraft.eu\/index.php?rest_route=%2Fwp%2Fv2%2Fmedia&parent=2"}],"curies":[{"name":"wp","href":"https:\/\/api.w.org\/{rel}","templated":true}]}}